5 - 11).
-3
(3 - -1) + -3 + 0
1
0 + -3 - (-8 + 11 - -1)
-7
Evaluate (-5 - -4) + 5 - (5 - 3).
2
What is 6 + 0 + 17 + -22?
1
4 - (-10 - -15 - -7)
-8
What is 4 - (6 + (-2 - 3))?
3
What is the value of 3 + (-7 - (-11 + 7) - 3)?
-3
3 + 3 + (0 - 2)
4
Calculate 4 + (1 - (0 - -1)).
4
Evaluate -5 + (-8 - -2 - -12).
1
What is -5 - (3 + -4) - -2?
-2
Calculate (-3 - 2) + -5 + 5.
-5
What is the value of -3 + (2 - (-13 + 7))?
5
Calculate -56 - -49 - (3 - 2 - 12).
4
4 + -7 + (0 - 1 - -4)
0
Evaluate (-10 + 3 - -4) + -1.
-4
What is the value of 4 + -14 + 31 + -17?
4
Calculate 14 + (-20 - 1) - -7.
0
What is 10 - (-2 + 12 + -4)?
4
What is the value of -5 + -2 + (2 - (-8 - 0))?
3
Calculate (4 - 6) + (13 - 5).
6
Calculate 3 + 0 + (15 - 14).
4
(-9 - (-11 - 1)) + 6
9
1 + 2 + -11 + 3
-5
What is the value of 3 + (-2 - (1 + 3))?
-3
What is the value of (4 + 1 - 9) + 10 + -5?
1
Evaluate 3 - (-21 + 9 + 21).
-6
Calculate -4 + 4 + 4 + -4.
0
What is 3 + -3 + -3 - 1?
-4
Evaluate -3 - -3 - (1 + 2).
-3
What is the value of -34 - -16 - -19 - (0 + -2)?
3
Calculate 9 + -1 + 3 + -8 + -2.
1
Evaluate -7 + (-9 - (-2 - 4 - -1)).
-11
What is -9 + 6 + 6 - (-1 - -1)?
3
(-3 - -4) + (2 - 9) + 5
-1
Calculate -7 - -7 - (16 - 8).
-8
What is the value of (6 - (1 + 2)) + (2 - 6)?
-1
What is 1 + 3 + 3 - 4?
3
Evaluate -13 + 5 - (24 - 24).
-8
What is (0 + -5 - -8) + 7?
10
-2 + -5 + (12 - (0 - -5))
0
What is the value of (-3 - 4) + 2 + -1 + 2?
-4
Calculate -1 + (7 + 3 - 7) - 1.
1
-5 - (6 + 0 - 9)
-2
What is -7 - (2 - ((11 - 5) + -4))?
-7
Evaluate -9 + 10 + -4 + 0.
-3
Evaluate (-4 + -3 - -2) + 8.
3
(-6 - 4) + 2 + 10
2
What is -8 + 7 + (0 - 3)?
-4
What is the value of (-4 + 0 - -3) + 6?
5
What is 5 + -5 - ((-4 - 2) + 4)?
2
Calculate (33 - 45) + (8 - 2).
-6
What is 0 - (1 - (-3 - 0 - 1))?
-5
What is the value of 0 + 2 - 1 - (-170 + 165)?
6
Evaluate -1 + (9 - 7) - 9.
-8
(1 - 1) + (8 - (-5 - -9))
4
3 + (-7 - (-6 + -5 + 9))
-2
Calculate -14 + (-1 - (-7 - 2)).
-6
What is the value of -1 - (4 - (4 - 0 - -2))?
1
What is -2 - (-3 + 5 - 0)?
-4
What is -117 - -117 - (-6 + -1)?
7
What is 3 + -3 + -2 - (12 - 11)?
-3
What is (7 - 0) + -12 + 10?
5
Evaluate 1 - 0 - (-6 + 8 + 4).
-5
What is (-16 - -19) + (0 - 0) - -3?
6
Evaluate 0 - (4 + (0 + -1 - 0)).
-3
Evaluate -4 + (8 - 3) - (11 - 13).
3
2 + 5 + 3 + -8 + -2
0
(-9 - -8) + -1 + 3
1
What is 1 - (-2 + 0) - (0 - -4)?
-1
What is -8 - (10 + -5) - -12?
-1
Evaluate 11 - (-6 + 12) - 11 - -7.
1
What is 0 + -8 + -5 + 10?
-3
Calculate -2 + -1 + 0 - 0.
-3
Evaluate -11 + (1 - (-2 + -4)).
-4
Evaluate 0 + 4 - (142 + -137).
-1
What is the value of 12 - (-9 - -8) - (0 + 7)?
6
What is the value of (-1 + 2 - (2 + -1)) + 3?
3
Evaluate 5 + -5 + 6 - 12.
-6
Calculate (-1 - 9) + (12 - (12 - 4)).
-6
Calculate 5 + -8 + (-3 - -4).
-2
Evaluate 2 + 1 + -6 + 4.
1
What is the value of (4 - -3) + 0 + -9?
-2
What is the value of 0 + 0 - (9 + 1 + -16)?
6
Evaluate (12 - (-1 - -16)) + 1 + -2.
-4
7 - (0 + (1 - -1))
5
What is 9 - (-13 + 7) - 8?
7
Evaluate -17 - (-2 - (-3 - -12)).
-6
Calculate -16 + -7 + 23 + -6.
-6
-15 + (20 - (2 - -5))
-2
Evaluate -10 + (-6 - -10 - -3).
-3
What is 3 + (-1 - -1) + -2?
1
What is 7 + (4 - 1) + (-4 - 1)?
5
Evaluate -3 + (-9 - (-2 + -4)).
-6
What is the value of -11 + 10 + 8 + -10?
-3
Calculate -7 - (-7 + 2 + 2).
-4
4 + -1 + (-2 - -2)
3
Calculate 8 + (4 - 3) + -6 + -8.
-5
Evaluate (5 - 10) + 3 + 7 - 8.
-3
What is -30 + 36 + -11 + -4 + 3?
-6
Calculate -3 - (-1 + (-6 - -7)).
-3
Calculate (-4 - 1) + 3 + 2.
0
Calculate 2 - (3 + (-4 - 4)).
7
What is the value of -7 - (-7 + -4 + 1)?
3
What is (2 - -7) + -1 - (3 + 0)?
5
6 - (5 - -1 - 6 - -9)
-3
What is (-10 + 2 - -7) + (1 - 4)?
-4
Evaluate -1 - (3 - (-4 - (-4 + 1))).
-5
2 + -9 - (-26 + 14) - 5
0
Evaluate (-1 - -11) + -3 + 13 + -15.
5
What is (5 - 7 - -1) + -2?
-3
What is the value of 2 + -9 + (0 - -4)?
-3
What is (-3 - (-15 - -7)) + -6?
-1
Calculate 8 + (-7 - (1 - 5)).
5
Calculate 1 - (0 + -1) - (32 - 36).
6
Evaluate (-6 + 15 - 9) + 5.
5
Calculate (5 - 8) + 0 + (7 - 1).
3
What is 3 - (6 + -2 + 4 + -10)?
5
-38 + 34 + (3 - 0)
-1
(1 - -1) + -3 + (-5 - 0)
-6
Evaluate (-20 - (-1 + -12)) + 4.
-3
Evaluate 1 - (-2 + 0) - 8 - -2.
-3
What is the value of -2 - (0 - 2) - (-2 - -2)?
0
What is -2 - (-5 + 6) - (1 - 2)?
-2
What is the value of 3 + 4 + 1 + -11?
-3
Evaluate -3 + -4 - (7 + (-19 - -8)).
-3
What is the value of 8 - ((-3 - 2 - 3) + 23)?
-7
Calculate 1 + 3 + -1 + -8.
-5
Evaluate -6 + (0 - -2) + 7 + 3.
6
What is the value of 7 + (3 - (0 + 11)) - -5?
4
What is -5 - (-3 + (2 - 0))?
-4
Calculate -2 + 7 + -6 + -4.
-5
8 + -10 - (0 - -1 - 3)
0
Evaluate (28 - 26) + (-2 - -2) + -1.
1
Evaluate 2 + 7 + -2 + -3 + -1.
3
0 + 2 - 4 - -7
5
7 + -3 - (0 - (2 + 3))
9
Calculate 11 - (-18 + 10 + 12).
7
What is -2 - (1 - (-4 - (-10 - -2)))?
1
10 + -4 + 1 + -5 - 2
0
Evaluate (-2 - -3) + -11 + 4.
-6
-16 - (-35 + 5) - (-1 - -8)
7
Evaluate -3 + (-4 - -3) + 10.
6
Evaluate -8 - (-17 + -1) - (4 + 3).
3
2 - 3 - (7 - 9)
1
Calculate (1 - (-2 - -5)) + -1 + 0.
-3
What is the value of 2 - -12 - 2 - (-70 + 73)?
9
What is the value of 0 - ((-3 - 1) + -2 + 1)?
5
What is the value of -4 - ((-12 - -5) + 7)?
-4
What is 1 + (-5 + 2 - -5) - 1?
2
Calculate -4 - ((-4 - -6) + -2).
-4
Evaluate 3 - (-2 - (2 + -3)).
4
What is the value of -14 + 16 - ((1 - -6) + -8)?
3
What is (0 + -1 - 7) + 2 + -1?
-7
Calculate (-1 - -9) + -10 - (-6 - 1).
5
What is the value of -13 + 1 - ((-9 - 8) + 15)?
-10
(9 - (11 + -13)) + 1 + -2
10
Evaluate (4 - (10 - 2) - 0) + 5.
1
4 - (-6 - -12 - -1)
-3
49 - 49 - (8 - 1)
-7
9 - ((-12 - -30) + -6)
-3
What is -3 - (-5 + 3 - 1)?
0
4 - (-3 - (-12 - -4))
-1
What is the value of 2 - -1 - 9 - -1?
-5
Calculate -2 + (4 - (6 + -2)).
-2
What is -63 + 73 - (4 + 1)?
5
Calculate 9 - (-3 - -6) - 11.
-5
Evaluate -2 + (7 - (11 + -7)).
1
Calculate 5 - ((9 - 7) + 7).
-4
(-8 - -16) + -9 + -5
-6
What is the value of -3 - (-1 + 4 + 2) - -5?
-3
Calculate -1 + -4 + 14 + -5.
4
What is -3 + 8 - (7 + 3 + -12)?
7
(-9 - -17) + 6 + -16
-2
What is 2 + -1 - ((-6 - -3) + 2)?
2
What is the value of (11 - 24 - -2) + 4?
-7
Calculate -3 + (-4 - -1 - 3) + 2.
-7
What is the value of (8 - (10 + -2)) + 3?
3
What is 5 + 16 + -21 + (4 - -1)?
5
-2 + (-1 - (0 + 0) - 0)
-3
(-5 + 5 - -2) + -7
-5
What is (-20 - 2) + 8 - -9?
-5
Evaluate 4 + -7 - 3 - 0.
-6
What is (-10 - 0 - -9) + 8?
7
What is the value of 64 - 68 - (2 - 1)?
-5
Evaluate 8 - (1 + 3 - -6).
-2
Evaluate 6 + -4 - (1 + 4).
-3
Evaluate 2 + 3 - (2 + 0).
3
What is 1 + (-6 - -11) + -2?
4
What is 1 + 3 - (-6 + 5)?
5
Evaluate 2 + -3 + -1 + 0.
-2
Evaluate -1 + 1 + -6 + (-124 - -126).
-4
Calculate 8 + (1 - 5) - -2.
6
Evaluate 2 + 2 + (-2 - (2 - 3)).
3
-1 + (4 + -2 - (-6 + 9))
-2
What is the value of 1 + 0 + 1 + -5?
-3
What is the value of 19 + -23 + (-1 - -3)?
-2
(-3 - 2) + 0 + (20 - 13)
2
What is 5 + -1 - (-1 - (-1 + 1))?
5
Evaluate -8 - (-13 + 3 - -4).
-2
What is the value of -56 - -61 - (4 - 1)?
2
What is the value of 256 + -248 + (0 - -2) + -14?
-4
Calculate (3 + -1 - 4) + (-2 - -1).
-3
Evaluate 0 + 3 - ((3 - 4) + 2).
2
(-8 - (-3 + -13)) + -9 + 3
2
(2 + -3 - 1) + 0 - 2
-4
-8 + 12 + (1 - -2 - 8)
-1
Evaluate 7 + -4 + -4 - -9.
8
Calculate 5 + 2 + (-1 - -2 - 3).
5
What is the value of (0 - 1 - (-23 - -16)) + -4?
2
What is the value of (32 - 15) + (5 - 12)?
10
(1 - 2) + (-1 + -4 - -4)
-2
What is 66 - 66 - (1 + -2 + -5)?
6
Calculate 0 - (6 - 2) - 1.
-5
What is -9 + (2 - -2) + 6?
1
What is 3 + -5 + 3 + -2?
-1
Evaluate -3 + -7 + 9 - -2.
1
What is -13 - -6 - (-5 + 3)?
-5
Calculate 0 - (8 - (-1 - -12)).
3
What is the value of (0 - -3) + (-10 - (1 - 4))?
-4
Evaluate -5 + (2 - -11) - 4.
4
Evaluate 6 + (-7 - -8 - 8) + 7.
6
Evaluate 13 + -1 + -11 + -5.
-4
What is the value of (10 - -1) + -9 - 3?
-1
Calculate (0 - -1) + (-3 - -5) + 1.
4
15 + -9 - (2 + 0)
4
What is the value of 9 - (-1 - (-11 - -6)) - -2?
7
What is the value of -3 - (-5 + 5 - -4) - 2?
-9
Calculate (-1 - -4) + -3 + (-1 - 2).
-3
0 - 1 - (11 - 7)
-5
Evaluate -5 + -2 + -2 + -1 + 8.
-2
Evaluate (-7 - (-4 + 1)) + 7.
3
What is the value of 10 - (-20 + 10 - -15)?
5
What is the value of 0 - (0 - 0) - (3 - 1)?
-2
What is the value of (4 - (3 + -1 - -3)) + -2?
-3
Evaluate (-8 - -15) + -4 + 0.
3
What is the value of 0 + 2 - 2 - (-11 + 13)?
-2
Evaluate -1 + 4 - (0 + (6 - -2)).
-5
What is the value of -3 - (-